1/(3/(6 - 3)). Suppose -4 = -2*y + 5*d - w, 2*y = -3*d + 11. Determine s(y).
-2
Let d(i) = 0*i + 0*i - 7*i**2 - 4 + 5. Suppose -2*r = -6*r - 5*x - 9, -2 = r + x. What is d(r)?
-6
Let w(o) = -o**3 - 7*o**2 + 7*o - 3. Suppose 9*f + 47 + 25 = 0. Determine w(f).
5
Let c(s) = s - 1. Let p(o) = 3*o**3 + o**2 + 3*o - 3. Let i(x) = -4*c(x) + p(x). Let m = -3 - -4. What is i(m)?
4
Let w be 0 + 5/(10/6). Let g(d) = d - 4. Calculate g(w).
-1
Let f(y) = -12*y - 3. Let u(i) = -i - 1. Let g(k) = -f(k) + 4*u(k). Determine g(-1).
-9
Let c(q) = -q**3 + q**2 + 6*q - 3. Let x(v) = -v**3 + v**2 + 7*v - 3. Let m(g) = -6*c(g) + 5*x(g). Give m(0).
3
Let o(g) = 0*g + 0*g**3 - g**3 - 6 + g + 6*g**2. Suppose x - 15 = -0*x. Suppose 0 = h - 5*h - 3*z + x, -4*z = -h + 18. Give o(h).
0
Suppose n + 4 = -2*n - 4*x, 0 = 3*n + 3*x + 6. Let q(o) = -o**2 - 5*o + 1. Determine q(n).
5
Let g(t) = -3*t - t**2 - 8*t - t - 8. Let z be g(-11). Suppose 12 = -z*p - p. Let d(o) = -o**3 - 2*o**2 + 4*o + 1. Determine d(p).
-2
Suppose 3*p - 6 = 3*n - 0*p, 0 = 4*p. Let h(t) be the first derivative of -t**4/4 - t**3 - t**2/2 + 2*t - 5. Give h(n).
0
Let g(k) = -k + 1. Let s(b) = 2*b - 2. Let z(c) = -11*g(c) - 6*s(c). What is z(-4)?
5
Let x(l) = 11*l**3 + 14*l**2 - 3*l + 7. Let t(d) = 5*d**3 + 7*d**2 - 2*d + 4. Let c(w) = -9*t(w) + 4*x(w). Give c(-8).
8
Suppose -i - 4*b = b + 32, b = 5*i + 82. Let z = -18 - i. Let n(c) = c**3 + c**2 + c. What is n(z)?
-1
Let z(i) = -4*i + 11. Let j(g) = 3*g - 9. Let t(c) = -3*j(c) - 2*z(c). What is t(9)?
-4
Let t(b) = 5*b - 2*b**2 - 11*b - 2*b**2 + 3*b**2. Suppose -13*i = -8*i + 30. What is t(i)?
0
Let p(j) = 3*j**2 + 2*j + 2. Let g be -4 + (1 + 2)*(-20)/(-30). What is p(g)?
10
Let i(d) = 3*d**2 - 5 - 2*d**2 + 4. Let p(q) = -q**2 + 15*q - 2. Let l be p(15). Determine i(l).
3
Let f(v) be the second derivative of -v**4/12 + v**3 - v**2/2 + 40*v. Calculate f(5).
4
Let g = -14 + 17. Let j(v) = -v**3 + 3*v**2 + v + 1. Give j(g).
4
Let g(q) = -3*q + 0 + 3 + 0*q + 6*q + 5*q**2. What is g(-2)?
17
Suppose -n = 2*n - 15. Suppose 0*s = -n*s + y - 29, -4*y = -2*s - 26. Let w(l) = -l**2 - 4*l - 3. Give w(s).
-8
Let v(u) = u**3 - 5*u**2 - 7*u + 4. Suppose 5*r + 5*z = 20, 0*r + 2*r = 5*z + 22. Calculate v(r).
-2
Let p(m) = 2*m + 1. Let w be p(-2). Let u(a) = a**2 + 7*a + 4. Let i be u(-7). Let h = i + w. Let f(x) = -x + 2. What is f(h)?
1
Let r be (-2)/(-5) + (-24)/60. Let p(o) = o. Determine p(r).
0
Let l(p) = -p**3 - 5*p**2 + 7*p. Let n be l(-6). Suppose 3*b = -0 + 6. Let u(j) = -4*j - 8*j + 5*j + j**2 - b*j**2. Give u(n).
6
Let w(p) be the second derivative of p**4/12 - p**3/6 - p**2 + 16*p. Determine w(2).
0
Let z = 0 + -2. Let f(j) = -2*j**3 + 10*j**2 + 9*j + 3. Let s(q) = -q**3 + 5*q**2 + 4*q + 1. Let g(m) = z*f(m) + 5*s(m). Let i be (-1)/6 - 186/(-36). Give g(i).
9
Let f(b) = -b**2 + 10*b - 9. Let y be f(9). Let s(o) = o + 3. Determine s(y).
3
Let x(v) be the third derivative of v**5/60 - v**4/8 - v**3/2 - 35*v**2. Determine x(-2).
7
Suppose -5*g = -11*g + 30. Let k(w) = 4*w + 2. Calculate k(g).
22
Let g(a) = 5*a**3 - 8*a**2 + 5*a + 12. Let w(v) = 11*v**3 - 16*v**2 + 10*v + 25. Let o(c) = -9*g(c) + 4*w(c). Determine o(7).
6
Let o(t) be the third derivative of t**5/60 + t**4/8 + t**3/6 - 6*t**2. Suppose 3*v = -4*k - 5 - 27, 0 = 4*k + 5*v + 40. Calculate o(k).
11
Let t be (-7 + 2)/((-2)/(-2) + -2). Let q(r) = r**3 - 4*r**2 - 6*r + 4. Give q(t).
-1
Let f(j) = -3*j - 1 + 1 + 2. Suppose 0 = 7*b - 3*b + 8. Determine f(b).
8
Let m(k) = k**3 + k**2 - 4*k - 3. Let p = -4 - 2. Let l = p - -3. Let u(y) = -y**3 - 3*y**2 + y + 1. Let d be u(l). Give m(d).
1
Let u be 2 + 2/2*11. Let f be (9/(-6) - -2)*0. Suppose -2*y = j + 2, f = -5*y + j + u - 4. Let n(a) = -4*a**2 + a - 1. Give n(y).
-4
Let j(v) = v**3 - 4*v**2 - v - 4. Let q(g) = -g**2 - 9*g - 10. Suppose 2 = 2*c + 16. Let n be q(c). Give j(n).
-8
Let l(p) = 3*p**3 - p**2 - 2*p + 1 - 2*p**3 + 0*p. Let r(o) = -o**3 + 0*o + 3*o + 2*o**2 + 0*o. Let h(w) = -2*l(w) - 3*r(w). Give h(5).
-2
Let y(d) = d**3 - 9*d**2 - 4*d - 5. Let s(x) = x**2 + 1. Let k(f) = -6*s(f) - y(f). Let n = -6 - -10. Suppose 0 = m - 3, -3*m + n*m - 7 = -q. Determine k(q).
-1
Let w(s) = 0*s - 1 + 3 + 0 - 5*s. Let k = 2 + 1. Give w(k).
-13
Let k(b) = b - 7. Let h(o) = o**2 - 16*o + 3. Let x be h(16). Suppose 4*w = -5*i + 17 + 3, 5 = w. Suppose -3*p + 0*a = -a, x*p + 3*a = i. Give k(p).
-7
Let o(t) = -t + 7. Let b be o(10). Let n be (-3)/((-12)/(-8)) - b. Let l(h) = -1 + 3*h + 2 + 0. Determine l(n).
4
Suppose 2*o + 2*o = -y + 39, 4*y - 86 = -2*o. Suppose 2*b - 17 = -5*z, -5*b = 1 + y. Let p(r) = 2*r + 4 - r + r**2 - 8*r. Give p(z).
-6
Let k be 6 + (0 + -2 - 1). Suppose -4*h + h - k = 0. Let r(f) = -10*f - 1. Calculate r(h).
9
Let r = -43 - -49. Let c(v) = -11*v - 2*v**2 + 3*v**2 + 3*v. Give c(r).
-12
Let m(h) = h**3 + 3*h**2 - 4*h - 5. Let l be 3/(6/(-4))*2. Calculate m(l).
-5
Suppose 2*g - 30 = -3*g. Let m(o) = -2*o + 6. What is m(g)?
-6
Suppose 3*q - 5 = 49. Let a = q + -24. Let v(k) = k + 5. What is v(a)?
-1
Let m(a) = -6*a**2 - 2*a + 1. Let n = -3 - -4. Let c(d) = -3*d + 2*d + 5*d - 3*d. Let y be c(n). What is m(y)?
-7
Let c(v) = -14*v**3 - 15*v**2 - 9*v + 26. Suppose -5*w = -37 - 18. Let t(y) = 5*y**3 + 5*y**2 + 3*y - 9. Let d(j) = w*t(j) + 4*c(j). Give d(-4).
1
Let m(q) = q + 3. Suppose 0 = x + 5. Let p(b) = -1. Let r(n) = x*p(n) - m(n). What is r(0)?
2
Let x(f) = -4*f - 3. Let m(o) = -9*o - 7. Let z(w) = -3*m(w) + 7*x(w). What is z(0)?
0
Let v be (-6)/(-12) - 2/4. Let s = 10 - 7. Suppose s*p + o = -1 - v, o = 2. Let y(g) = 7*g**2 - 1. Give y(p).
6
Let b = 30 - 30. Let x(l) = -4*l**3 + 3*l**3 + l + 3*l**2 - 2*l**2. Determine x(b).
0
Let d(w) = -w**3 + 6*w**2 - 6*w + 3. Let m = -18 + 23. Give d(m).
-2
Let j(o) = -9*o + 10. Let x(l) = 4*l - 5. Let p(n) = 2*j(n) + 5*x(n). Suppose -2*u = u + 3*r - 30, 4*u - 4*r = 0. Let s be u + (-2 - -2)/1. Determine p(s).
5
Let y(s) = 6*s. Let r(c) = 11*c - 1. Let d(k) = 4*r(k) - 7*y(k). Give d(-5).
-14
Let k(d) = -4*d**3 - 13*d**2 + 5*d + 8. Let q(c) = -c**3 - 3*c**2 + c + 2. Let h(w) = 2*k(w) - 9*q(w). Let a = -18 - -18. Give h(a).
-2
Let h = -5 + 7. Let u be 6*3/(-9)*h. Let y = u - -6. Let n(f) = -f**2 + 3*f - 1. Determine n(y).
1
Let l(y) be the first derivative of y**2/2 - 9*y - 1. Let v(f) = -1. Suppose 3*w - 28 + 10 = 0. Let a(i) = w*v(i) - l(i). Give a(3).
0
Let t(m) be the first derivative of m**2/2 + 6*m + 1. Give t(-5).
1
Let z(r) be the first derivative of 2*r + 1/4*r**4 - 3 - 1/2*r**2 - r**3. Give z(3).
-1
Let z(y) = 8*y**2 + 2*y + 2. Let s(i) = -3*i**2 - i - 1. Let k(l) = 11*s(l) + 4*z(l). Give k(-3).
-3
Let s(b) be the third derivative of 0 + 0*b - 5*b**2 + 0*b**3 - 1/6*b**4 - 1/60*b**5. What is s(-3)?
3
Let g(s) = s**2 - s - 9. Let a(z) = z**2 + 6*z - 7. Let l be a(-7). What is g(l)?
-9
Suppose -4*o = -2*o. Suppose -4*t - t + 25 = o. Let s(k) = k - 7. Give s(t).
-2
Let r be 1/(-2) + 10/4. Let m(v) = 2*v - r*v**2 - v**2 - v. Let t = -8 + 9. Give m(t).
-2
Let m(t) be the third derivative of -t**6/360 + t**5/120 + t**4/12 - 3*t**2. Let d(c) be the second derivative of m(c). Suppose 4*v + 1 = 3*v. Calculate d(v).
3
Let z(p) = p + 7. Let y be z(-2). Let o(q) = 2*q - 4. What is o(y)?
6
Let d(h) = 3*h + 7. Let c(j) = -j**3 - j**2 + j. Let m be c(-3). Let s be (-9)/m + (-54)/10. Give d(s).
-11
Let l(s) be the first derivative of -s**2/2 - 14*s + 10. Give l(-9).
-5
Let j(l) be the third derivative of 1/120*l**6 - 3*l**2 + 1/6*l**4 - 1/10*l**5 + 0 + 0*l - 1/6*l**3. Let m = -4 - -9. Give j(m).
-6
Let r be ((-4)/6)/((-4)/18). Suppose 5*w - 2*f = -f - 27, -r*w + 3*f = 21. Let j(a) = -a**2 - 7*a - 7. Give j(w).
3
Let t be ((-4)/(-10))/(10/50). Let a(c) = -4*c**3 + 5*c**3 - 4*c**2 + 0*c + 2*c + t + 5*c**2. Determine a(-2).
-6
Let m = 8 - 11. Let s(c) be the third derivative of c**5/60 + c**4/24 - c**3/2 - 13*c**2. Determine s(m).
3
Let p(j) = -j**3 + 3*j**2 + 5*j - 5. Let q be (2/8)/((-2)/(-8)). Let f = 1 + q. Let a be (-2)/2*-2 + f. Give p(a).
-1
Let o(x) = -2*x**2 + 3*x - 9. Let z(r) = r + 1. Let d(b) = o(b) + 3*z(b). Calculate d(5).
-26
Let j(z) = -5*z + 1. Suppose -10 = 3*l - 2*u, 4*u - 1 - 3 = -2*l. Determine j(l).
11
Let l(o) = o**2 + 13 - 4 - 5. Let y(m) = -m + 6. Let p be y(6). What is l(p)?
4
Let y = -5 - -6. Let a